{"id":3936,"date":"2022-01-19T14:53:11","date_gmt":"2022-01-19T13:53:11","guid":{"rendered":"http:\/\/dev.site.contabilizzatoricalore.it\/?page_id=3936"},"modified":"2022-02-04T12:49:39","modified_gmt":"2022-02-04T11:49:39","slug":"chi-siamo","status":"publish","type":"page","link":"https:\/\/www.contabilizzazionecalore.cloud\/?page_id=3936","title":{"rendered":"Chi siamo"},"content":{"rendered":"<p>[vc_row][vc_column][vc_column_text]<\/p>\n<h1>Chi siamo<\/h1>\n<p><strong>Consulting &amp; Service S.r.l.<\/strong>\u00a0nasce nel 1995, un&#8217;azienda come la nostra all&#8217;epoca era una sfida ma avevamo al nostro fianco una multinazionale europea, leader nel settore della contabilizzazione di calore e nella ripartizione delle spese, gi\u00e0 consolidata da quaranta anni, prima in Germania e poi in tutta Europa.<\/p>\n<p>La costante ricerca di <strong>prodotti di qualit\u00e0<\/strong> affiancata allo studio e alla successiva realizzazione di sistemi per la lettura e la contabilizzazione sempre pi\u00f9 <strong>facili ed evoluti<\/strong>, ci ha premiato: ci occupiamo, in collaborazione con aziende manutentrici, di numerosi impianti su tutto il territorio nazionale, circa <strong>400.000 utenze<\/strong>, con la gestione dei servizi di ripartizione e conteggio.[\/vc_column_text]\t<style>\n\t\t.porto-blockquote300780156 blockquote { border-color: #eeeeee; }\n\t<\/style>\n\t<div class=\"porto-blockquote wpb_content_element  porto-blockquote300780156\"><blockquote class=\" blockquote-reverse \"><p>Insieme ad un&#8217;importante azienda italiana, importatrice nel settore delle energie alternative e delle fonti rinnovabili, ci occupiamo di sistemi per la produzione di acqua calda sanitaria ad irraggiamento solare, sistemi per la produzione contemporanea di energia elettrica ed energia termica, produzione di energia elettrica con pannelli fotovoltaici.<\/p><\/blockquote><\/div>[vc_column_text]La nostra precisa volont\u00e0 \u00e8, da sempre, raggiungere il <strong>maggior rendimento e confort<\/strong> possibile a costi ridotti, nel rispetto di quello che di pi\u00f9 caro e vitale ci \u00e8 stato donato, <strong>la natura<\/strong>.<\/p>\n<p>Ad oggi, con nuovi partner, abbiamo sviluppato ed affinato <strong>tecnologie all&#8217;avanguardia<\/strong>. Dai regolatori termostatici a cera per radiatori, agli attuali sistemi senza fili in radiofrequenza per la gestione del riscaldamento in tutti gli ambienti, fino ad un portale che permette una grande autonomia nel controllo e nell&#8217;elaborazione dei consumi, garantendo ad amministratori, installatori e progettisti pi\u00f9 servizi, pi\u00f9 affidabilit\u00e0, pi\u00f9 professionalit\u00e0, da mettere a disposizione del cliente.[\/vc_column_text][\/vc_column][\/vc_row][vc_row equal_height=&#8221;yes&#8221; css=&#8221;.vc_custom_1642611408741{padding-top: 25px !important;}&#8221;][vc_column width=&#8221;1\/2&#8243; css=&#8221;.vc_custom_1642611864535{padding-right: 50px !important;}&#8221;][vc_single_image image=&#8221;3944&#8243; img_size=&#8221;full&#8221;][\/vc_column][vc_column width=&#8221;1\/2&#8243;][vc_column_text]<\/p>\n<h1>A chi ci rivolgiamo<\/h1>\n<p>[\/vc_column_text][vc_single_image image=&#8221;3856&#8243; img_size=&#8221;full&#8221; css=&#8221;.vc_custom_1643358421856{margin-bottom: 15px !important;}&#8221;][vc_column_text]La Consulting &amp; Service s.r.l. da oltre 15 anni, importa in Italia direttamente dalle principali industrie di produzione:<\/p>\n<ul>\n<li>prodotti e sistemi di contabilizzazione calore ed acqua,<\/li>\n<li>apparecchi per la lettura e la trasmissione dati,<\/li>\n<li>sistemi di termoregolazione<\/li>\n<\/ul>\n<p>Ci interfacciamo con il mercato industriale italiano che &#8211; acquistando i nostri prodotti &#8211; ha sviluppato sistemi integrati e tecnologicamente avanzati, rivolti a segmenti pubblici, civili e residenziali.<\/p>\n<p>Ogni industria, mediante le proprie reti di vendita, immette i nostri prodotti, sviluppati mediante tecnologie eterogenee e avanzate, nel mercato di grossisti, gestori di calore, installatori, manutentori e costruttori.<\/p>\n<p>La nostra azienda ha inoltre creato uno staff dedicato al pre e post vendita, per garantire una continua assistenza tecnica e commerciale in tutta la filiera di mercato.[\/vc_column_text][\/vc_column][\/vc_row][vc_row equal_height=&#8221;yes&#8221; css=&#8221;.vc_custom_1642611408741{padding-top: 25px !important;}&#8221;][vc_column width=&#8221;1\/2&#8243; css=&#8221;.vc_custom_1642669014507{padding-right: 50px !important;}&#8221;][vc_column_text]<\/p>\n<h1>I nostri corsi<\/h1>\n<p>[\/vc_column_text][vc_single_image image=&#8221;3856&#8243; img_size=&#8221;full&#8221; css=&#8221;.vc_custom_1643358421856{margin-bottom: 15px !important;}&#8221;][vc_column_text]Organizziamo corsi Tecnici per sistemi di misurazione, controllo e contabilizzazione di calore -cdz &#8211; acqua, sistemi di trasmissione dati[\/vc_column_text]<ul id=\"porto-info-list15783475666a007dced80d3\" class=\"porto-info-list \"><li class=\"porto-info-list-item\"><img class=\"porto-info-icon\" src=\"https:\/\/www.contabilizzazionecalore.cloud\/wp-content\/uploads\/2022\/01\/check_icon.png\" width=\"14\" height=\"14\" alt=\"\" \/><div class=\"porto-info-list-item-desc\" style=\"font-size: 14px;\">sull&#8217;installazione<\/div><\/li><li class=\"porto-info-list-item\"><img class=\"porto-info-icon\" src=\"https:\/\/www.contabilizzazionecalore.cloud\/wp-content\/uploads\/2022\/01\/check_icon.png\" width=\"14\" height=\"14\" alt=\"\" \/><div class=\"porto-info-list-item-desc\" style=\"font-size: 14px;\">programmazione<\/div><\/li><li class=\"porto-info-list-item\"><img class=\"porto-info-icon\" src=\"https:\/\/www.contabilizzazionecalore.cloud\/wp-content\/uploads\/2022\/01\/check_icon.png\" width=\"14\" height=\"14\" alt=\"\" \/><div class=\"porto-info-list-item-desc\" style=\"font-size: 14px;\">gestione<\/div><\/li><li class=\"porto-info-list-item\"><img class=\"porto-info-icon\" src=\"https:\/\/www.contabilizzazionecalore.cloud\/wp-content\/uploads\/2022\/01\/check_icon.png\" width=\"14\" height=\"14\" alt=\"\" \/><div class=\"porto-info-list-item-desc\" style=\"font-size: 14px;\">assistenza tecnica<\/div><\/li><li class=\"porto-info-list-item\"><img class=\"porto-info-icon\" src=\"https:\/\/www.contabilizzazionecalore.cloud\/wp-content\/uploads\/2022\/01\/check_icon.png\" width=\"14\" height=\"14\" alt=\"\" \/><div class=\"porto-info-list-item-desc\" style=\"font-size: 14px;\">elaborazione e ripartizione dati<\/div><\/li><\/ul>[vc_column_text]Abbiamo svolto corsi informativi sul risparmio energetico e relativi aggiornamenti presso le maggiori associazioni di categoria degli amministratori condominiali, come ANACI, UNAI, ANIP.[\/vc_column_text][\/vc_column][vc_column width=&#8221;1\/2&#8243;][vc_single_image image=&#8221;3945&#8243; img_size=&#8221;full&#8221;][\/vc_column][\/vc_row][vc_row full_width=&#8221;stretch_row&#8221; equal_height=&#8221;yes&#8221; content_placement=&#8221;middle&#8221; css=&#8221;.vc_custom_1642670219898{margin-top: 25px !important;padding-top: 50px !important;padding-bottom: 50px !important;background-color: #f5f5f5 !important;}&#8221;][vc_column width=&#8221;2\/3&#8243;][vc_column_text]<\/p>\n<h3>Contabilizzazione del calore: <span style=\"color: #026097;\">casi particolari in condominio<\/span><\/h3>\n<p>Consulta la relazione del seminario ANACI<\/p>\n<p>[\/vc_column_text][\/vc_column][vc_column width=&#8221;1\/3&#8243;]<div class=\"porto-btn-ctn-left csp-button-homepage-container\"><a class=\"porto-btn  vc_custom_1643616886888 porto-adjust-bottom-margin porto-btn-custom porto-btn-no-hover-bg  wpb_custom_fa51088c2567b780100c1edcf8821d3b  porto-btn-left csp-button-homepage-container\"  rel='' href = \"https:\/\/www.anaciroma.it\/images\/eventi\/relazioni.pdf\" target='_blank' data-hover=\"\" data-border-color=\"\" data-bg=\"#026097\" data-hover-bg=\"\" data-border-hover=\"\" data-shadow-click=\"none\" data-shadow=\"\" style=\"width:200px;min-height:50px;line-height:49px;border:none;background: #026097;color: #ffffff;\"><span class=\"porto-btn-hover\"><\/span><span class=\"porto-btn-data porto-btn-text \" >Apri documento<\/span><\/a><\/div>[\/vc_column][\/vc_row][vc_row][vc_column][vc_column_text]<\/p>\n<h1>La nostra storia<\/h1>\n<p>[\/vc_column_text][vc_single_image image=&#8221;3856&#8243; img_size=&#8221;full&#8221; css=&#8221;.vc_custom_1643358421856{margin-bottom: 15px !important;}&#8221;][vc_column_text]Quando, quindici anni fa, ho iniziato ad occuparmi di risparmio energetico, eravamo fra i primi in Italia.<\/p>\n<p>Tuttavia ho da subito capito che le energie alternative e il risparmio energetico potessero riuscire a mettere tutti d&#8217;accordo: i privati cittadini e il settore pubblico, perch\u00e9 non solo comportano la riduzione di importanti e pesanti spese ma consentono anche di impegnarsi nella difesa dell&#8217;ambiente. Sostenitori sono anche gli ambienti della ricerca, che vedono nella diffusione della cultura del risparmio energetico una valorizzazione del proprio lavoro, l&#8217;opinione pubblica, le associazioni di categoria, le imprese e le associazioni di amministratori condominiali, interessate ad una sempre migliore gestione del loro lavoro e all&#8217;implementazione dei servizi offerti.<\/p>\n<p>La prima grande difficolt\u00e0 che ci siamo dunque trovati ad affrontare \u00e8 stata il grande scollamento esistente fra l&#8217;offerta (ambiente di ricerca e imprese dedicate), che iniziava a proporre valide soluzioni e la domanda (amministratori di condominio e utenti finali), che aveva invece conoscenze vaghe e imprecise, inadatte a valutare gli effetti benefici e gli adeguati interventi da adottare per ottenere un vantaggio.<\/p>\n<p>Abbiamo lavorato a lungo al fianco di grandi multinazionali che gi\u00e0 operavano con successo nel resto d&#8217;Europa, per riuscire a colmare il dislivello e permettere finalmente agli utenti di poter consapevolmente usufruire delle pi\u00f9 avanzate tecnologie con facilit\u00e0.<\/p>\n<p>Il nostro lavoro ha negli anni attirato l&#8217;attenzione dei media e sono stati dedicati alla nostra attivit\u00e0 numerosi servizi dalle maggiori testate giornalistiche nazionali.<\/p>\n<p>Oggi finalmente possiamo orgogliosamente affermare di essere stati fra i reali promotori della cultura del risparmio energetico in Italia.<\/p>\n<p>Consulting &amp; Service srl[\/vc_column_text][\/vc_column][\/vc_row]<\/p>\n","protected":false},"excerpt":{"rendered":"<p>[vc_row][vc_column][vc_column_text] Chi siamo Consulting &amp; Service S.r.l.\u00a0nasce nel 1995, un&#8217;azienda come la nostra all&#8217;epoca era una sfida ma avevamo al nostro fianco una multinazionale europea, leader nel settore della contabilizzazione di calore e nella ripartizione delle spese, gi\u00e0 consolidata da quaranta anni, prima in Germania e poi in tutta Europa. La costante ricerca di prodotti [&hellip;]<\/p>\n","protected":false},"author":1,"featured_media":0,"parent":0,"menu_order":0,"comment_status":"closed","ping_status":"closed","template":"","meta":[],"_links":{"self":[{"href":"https:\/\/www.contabilizzazionecalore.cloud\/index.php?rest_route=\/wp\/v2\/pages\/3936"}],"collection":[{"href":"https:\/\/www.contabilizzazionecalore.cloud\/index.php?rest_route=\/wp\/v2\/pages"}],"about":[{"href":"https:\/\/www.contabilizzazionecalore.cloud\/index.php?rest_route=\/wp\/v2\/types\/page"}],"author":[{"embeddable":true,"href":"https:\/\/www.contabilizzazionecalore.cloud\/index.php?rest_route=\/wp\/v2\/users\/1"}],"replies":[{"embeddable":true,"href":"https:\/\/www.contabilizzazionecalore.cloud\/index.php?rest_route=%2Fwp%2Fv2%2Fcomments&post=3936"}],"version-history":[{"count":17,"href":"https:\/\/www.contabilizzazionecalore.cloud\/index.php?rest_route=\/wp\/v2\/pages\/3936\/revisions"}],"predecessor-version":[{"id":4894,"href":"https:\/\/www.contabilizzazionecalore.cloud\/index.php?rest_route=\/wp\/v2\/pages\/3936\/revisions\/4894"}],"wp:attachment":[{"href":"https:\/\/www.contabilizzazionecalore.cloud\/index.php?rest_route=%2Fwp%2Fv2%2Fmedia&parent=3936"}],"curies":[{"name":"wp","href":"https:\/\/api.w.org\/{rel}","templated":true}]}}